{"id":622,"date":"2021-06-25T01:46:00","date_gmt":"2021-06-25T05:46:00","guid":{"rendered":"http:\/\/localhost\/idea\/wordpress\/?page_id=622"},"modified":"2025-04-29T10:59:36","modified_gmt":"2025-04-29T14:59:36","slug":"biblioteca","status":"publish","type":"page","link":"https:\/\/idea.gob.ve\/index.php\/biblioteca\/","title":{"rendered":"Biblioteca"},"content":{"rendered":"\t\t<div data-elementor-type=\"wp-page\" data-elementor-id=\"622\" class=\"elementor elementor-622\" data-elementor-post-type=\"page\">\n\t\t\t\t\t\t\t\t\t<section class=\"elementor-section elementor-top-section elementor-element elementor-element-8724c90 elementor-section-boxed elementor-section-height-default elementor-section-height-default\" data-id=\"8724c90\" data-element_type=\"section\">\n\t\t\t\t\t\t<div class=\"elementor-container elementor-column-gap-default\">\n\t\t\t\t\t<div class=\"elementor-column elementor-col-100 elementor-top-column elementor-element elementor-element-0e5f560\" data-id=\"0e5f560\" data-element_type=\"column\">\n\t\t\t<div class=\"elementor-widget-wrap elementor-element-populated\">\n\t\t\t\t\t\t\t\t<div class=\"elementor-element elementor-element-b86ab26 elementor-invisible elementor-widget elementor-widget-heading\" data-id=\"b86ab26\" data-element_type=\"widget\" data-settings=\"{&quot;_animation&quot;:&quot;fadeInLeft&quot;}\" data-widget_type=\"heading.default\">\n\t\t\t\t<div class=\"elementor-widget-container\">\n\t\t\t<h2 class=\"elementor-heading-title elementor-size-default\">BIBLIOTECA <\/h2>\t\t<\/div>\n\t\t\t\t<\/div>\n\t\t\t\t<div class=\"elementor-element elementor-element-1ad5608 elementor-invisible elementor-widget elementor-widget-heading\" data-id=\"1ad5608\" data-element_type=\"widget\" data-settings=\"{&quot;_animation&quot;:&quot;fadeInLeft&quot;}\" data-widget_type=\"heading.default\">\n\t\t\t\t<div class=\"elementor-widget-container\">\n\t\t\t<h4 class=\"elementor-heading-title elementor-size-default\">Biblioteca Raimundo Villegas<\/h4>\t\t<\/div>\n\t\t\t\t<\/div>\n\t\t\t\t<div class=\"elementor-element elementor-element-294aef3 elementor-invisible elementor-widget elementor-widget-text-editor\" data-id=\"294aef3\" data-element_type=\"widget\" data-settings=\"{&quot;_animation&quot;:&quot;fadeInLeft&quot;}\" data-widget_type=\"text-editor.default\">\n\t\t\t\t<div class=\"elementor-widget-container\">\n\t\t\t\t\t\t\t<p>La Biblioteca de la Fundaci\u00f3n Instituto de Estudios Avanzados (Idea) fue inaugurada el 16 de noviembre del 2011, y creada en consonancia con los principios constitucionales establecidos en los art\u00edculos 108 y 110 de la Rep\u00fablica Bolivariana de Venezuela, donde se establece la responsabilidad del Estado a garantizar las redes de Biblioteca y de inform\u00e1tica, con el fin de permitir el acceso universal a la informaci\u00f3n, adem\u00e1s de reconocer el inter\u00e9s p\u00fablico de la ciencia, la tecnolog\u00eda, el conocimiento, la innovaci\u00f3n, sus aplicaciones y los servicios de informaci\u00f3n necesarios por ser instrumentos fundamentales para el desarrollo econ\u00f3mico, social y pol\u00edtico del pa\u00eds, as\u00ed como para la seguridad y soberan\u00eda nacional.<\/p><p>La Biblioteca est\u00e1 orientada a convertirse en un lugar de referencia en el acceso a informaci\u00f3n, en las \u00e1reas de agricultura y soberan\u00eda alimentaria, ciencia y tecnolog\u00eda para la salud, energ\u00eda y ambiente, sociopol\u00edtica y cultura; dicho acceso debe estar apoyado en las tecnolog\u00edas de informaci\u00f3n y comunicaci\u00f3n (TIC), para la disposici\u00f3n de los servicios a los usuarios, tanto de forma f\u00edsica como remota, a trav\u00e9s de Internet o de redes de \u00e1rea local, y en la que el soporte impreso se combine con fuentes de informaci\u00f3n en formato digital, en un entorno donde se re\u00fanan colecciones, servicios y personal que favorece el ciclo completo de la creaci\u00f3n, difusi\u00f3n, uso y preservaci\u00f3n de los datos e informaci\u00f3n, para el apoyo de labores de investigaci\u00f3n y docencia y potenciar la actividad innovadora.<\/p>\t\t\t\t\t\t<\/div>\n\t\t\t\t<\/div>\n\t\t\t\t<div class=\"elementor-element elementor-element-6a739c8 elementor-invisible elementor-widget elementor-widget-heading\" data-id=\"6a739c8\" data-element_type=\"widget\" data-settings=\"{&quot;_animation&quot;:&quot;fadeInLeft&quot;}\" data-widget_type=\"heading.default\">\n\t\t\t\t<div class=\"elementor-widget-container\">\n\t\t\t<h4 class=\"elementor-heading-title elementor-size-default\">Servicios de Informaci\u00f3n<\/h4>\t\t<\/div>\n\t\t\t\t<\/div>\n\t\t\t\t<div class=\"elementor-element elementor-element-6f491b3 elementor-invisible elementor-widget elementor-widget-text-editor\" data-id=\"6f491b3\" data-element_type=\"widget\" data-settings=\"{&quot;_animation&quot;:&quot;fadeInLeft&quot;}\" data-widget_type=\"text-editor.default\">\n\t\t\t\t<div class=\"elementor-widget-container\">\n\t\t\t\t\t\t\t<p>En atenci\u00f3n al prop\u00f3sito de la Fundaci\u00f3n Instituto de Estudios Avanzados (Idea), los servicios de informaci\u00f3n ofrecidos a trav\u00e9s de la Biblioteca se enmarcan dentro de la pol\u00edtica de Estado en cuanto al uso democr\u00e1tico de la informaci\u00f3n y se caracterizar\u00e1n por una variedad de posibilidades y\/o alternativas de localizaci\u00f3n, a saber:<\/p><p>-. Acceso a revistas electr\u00f3nicas de texto completo y bases de datos, v\u00eda conexi\u00f3n con el IVIC.<br \/>-. B\u00fasqueda bibliogr\u00e1fica.<br \/>-. Servicios de obtenci\u00f3n de documentos (no presentes en la colecci\u00f3n).<br \/>-. Servicio de referencia.<br \/>-. Pr\u00e9stamos: sala, circulante e interbibliotecario.<br \/>-. Internet y conexi\u00f3n Wi-Fi.<br \/>-.Lectura en sala.<\/p>\t\t\t\t\t\t<\/div>\n\t\t\t\t<\/div>\n\t\t\t\t<div class=\"elementor-element elementor-element-8c1e003 elementor-invisible elementor-widget elementor-widget-heading\" data-id=\"8c1e003\" data-element_type=\"widget\" data-settings=\"{&quot;_animation&quot;:&quot;fadeInLeft&quot;}\" data-widget_type=\"heading.default\">\n\t\t\t\t<div class=\"elementor-widget-container\">\n\t\t\t<h2 class=\"elementor-heading-title elementor-size-default\">CONTACTOS<\/h2>\t\t<\/div>\n\t\t\t\t<\/div>\n\t\t\t\t<div class=\"elementor-element elementor-element-17d81b6 elementor-icon-list--layout-traditional elementor-list-item-link-full_width elementor-invisible elementor-widget elementor-widget-icon-list\" data-id=\"17d81b6\" data-element_type=\"widget\" data-settings=\"{&quot;_animation&quot;:&quot;fadeInLeft&quot;}\" data-widget_type=\"icon-list.default\">\n\t\t\t\t<div class=\"elementor-widget-container\">\n\t\t\t\t\t<ul class=\"elementor-icon-list-items\">\n\t\t\t\t\t\t\t<li class=\"elementor-icon-list-item\">\n\t\t\t\t\t\t\t\t\t\t\t<span class=\"elementor-icon-list-icon\">\n\t\t\t\t\t\t\t<i aria-hidden=\"true\" class=\"fas fa-map-marker-alt\"><\/i>\t\t\t\t\t\t<\/span>\n\t\t\t\t\t\t\t\t\t\t<span class=\"elementor-icon-list-text\">Carretera Nacional Hoyo de la Puerta, Baruta, Altos de Sartenejas<\/span>\n\t\t\t\t\t\t\t\t\t<\/li>\n\t\t\t\t\t\t\t\t<li class=\"elementor-icon-list-item\">\n\t\t\t\t\t\t\t\t\t\t\t<span class=\"elementor-icon-list-icon\">\n\t\t\t\t\t\t\t<i aria-hidden=\"true\" class=\"far fa-envelope\"><\/i>\t\t\t\t\t\t<\/span>\n\t\t\t\t\t\t\t\t\t\t<span class=\"elementor-icon-list-text\">bibliotecaraimundo@idea.gob.ve<\/span>\n\t\t\t\t\t\t\t\t\t<\/li>\n\t\t\t\t\t\t<\/ul>\n\t\t\t\t<\/div>\n\t\t\t\t<\/div>\n\t\t\t\t\t<\/div>\n\t\t<\/div>\n\t\t\t\t\t\t\t<\/div>\n\t\t<\/section>\n\t\t\t\t\t\t\t<\/div>\n\t\t","protected":false},"excerpt":{"rendered":"<p>BIBLIOTECA Biblioteca Raimundo Villegas La Biblioteca de la Fundaci\u00f3n Instituto de Estudios Avanzados (Idea) fue inaugurada el 16 de noviembre del 2011, y creada en consonancia con los principios constitucionales [&hellip;]<\/p>\n","protected":false},"author":3,"featured_media":0,"parent":0,"menu_order":0,"comment_status":"closed","ping_status":"closed","template":"elementor_header_footer","meta":{"footnotes":""},"class_list":["post-622","page","type-page","status-publish","hentry"],"_links":{"self":[{"href":"https:\/\/idea.gob.ve\/index.php\/wp-json\/wp\/v2\/pages\/622","targetHints":{"allow":["GET"]}}],"collection":[{"href":"https:\/\/idea.gob.ve\/index.php\/wp-json\/wp\/v2\/pages"}],"about":[{"href":"https:\/\/idea.gob.ve\/index.php\/wp-json\/wp\/v2\/types\/page"}],"author":[{"embeddable":true,"href":"https:\/\/idea.gob.ve\/index.php\/wp-json\/wp\/v2\/users\/3"}],"replies":[{"embeddable":true,"href":"https:\/\/idea.gob.ve\/index.php\/wp-json\/wp\/v2\/comments?post=622"}],"version-history":[{"count":18,"href":"https:\/\/idea.gob.ve\/index.php\/wp-json\/wp\/v2\/pages\/622\/revisions"}],"predecessor-version":[{"id":5200,"href":"https:\/\/idea.gob.ve\/index.php\/wp-json\/wp\/v2\/pages\/622\/revisions\/5200"}],"wp:attachment":[{"href":"https:\/\/idea.gob.ve\/index.php\/wp-json\/wp\/v2\/media?parent=622"}],"curies":[{"name":"wp","href":"https:\/\/api.w.org\/{rel}","templated":true}]}}