{"id":605,"date":"2021-06-25T00:57:21","date_gmt":"2021-06-25T04:57:21","guid":{"rendered":"http:\/\/localhost\/idea\/wordpress\/?page_id=605"},"modified":"2025-04-29T11:09:37","modified_gmt":"2025-04-29T15:09:37","slug":"identificacion-genetica","status":"publish","type":"page","link":"https:\/\/idea.gob.ve\/index.php\/identificacion-genetica\/","title":{"rendered":"Identificaci\u00f3n Gen\u00e9tica"},"content":{"rendered":"\t\t<div data-elementor-type=\"wp-page\" data-elementor-id=\"605\" class=\"elementor elementor-605\" data-elementor-post-type=\"page\">\n\t\t\t\t\t\t\t\t\t<section class=\"elementor-section elementor-top-section elementor-element elementor-element-0d118f4 elementor-section-boxed elementor-section-height-default elementor-section-height-default\" data-id=\"0d118f4\" data-element_type=\"section\">\n\t\t\t\t\t\t<div class=\"elementor-container elementor-column-gap-default\">\n\t\t\t\t\t<div class=\"elementor-column elementor-col-100 elementor-top-column elementor-element elementor-element-4b92d78\" data-id=\"4b92d78\" data-element_type=\"column\">\n\t\t\t<div class=\"elementor-widget-wrap elementor-element-populated\">\n\t\t\t\t\t\t\t\t<div class=\"elementor-element elementor-element-c077550 elementor-invisible elementor-widget elementor-widget-heading\" data-id=\"c077550\" data-element_type=\"widget\" data-settings=\"{&quot;_animation&quot;:&quot;fadeInLeft&quot;}\" data-widget_type=\"heading.default\">\n\t\t\t\t<div class=\"elementor-widget-container\">\n\t\t\t<h2 class=\"elementor-heading-title elementor-size-default\">IDENTIFICACI\u00d3N GEN\u00c9TICA <\/h2>\t\t<\/div>\n\t\t\t\t<\/div>\n\t\t\t\t<div class=\"elementor-element elementor-element-f50da8f elementor-invisible elementor-widget elementor-widget-text-editor\" data-id=\"f50da8f\" data-element_type=\"widget\" data-settings=\"{&quot;_animation&quot;:&quot;fadeInLeft&quot;}\" data-widget_type=\"text-editor.default\">\n\t\t\t\t<div class=\"elementor-widget-container\">\n\t\t\t\t\t\t\t<p>El Programa de Polimorfismos Gen\u00e9ticos Humanos del Idea desarrolla actualmente un proyecto de Identificaci\u00f3n de seres humanos por pruebas de ADN que aglutina un buen n\u00famero de intervenciones cient\u00edficas en el campo del an\u00e1lisis gen\u00e9tico de pruebas humanas, que resultan de gran beneficio a particulares, empresas privadas e instituciones del Estado venezolano.<\/p><p>El proyecto apunta a cinco objetivos fundamentales: la puesta en marcha de un sistema que alinea las pruebas de ADN modernas con la formaci\u00f3n de bases de datos poblacionales; \u00e9stas \u00faltimas son usadas para un segundo objetivo del proyecto: realizar pruebas de paternidad o de filiaci\u00f3n biol\u00f3gica; el tercer objetivo es la identificaci\u00f3n mediante pruebas de ADN de evidencias relacionadas con una escena del crimen (esto incluye cabellos, u\u00f1as, cabos de cigarrillos, telas, manchas de sangre o semen); el cuarto objetivo es la construcci\u00f3n de bases de datos especiales para funcionarios en trabajos de alto riesgo (bomberos, pilotos) y bases de datos o archivo gen\u00e9tico de criminales; el \u00faltimo objetivo es el estudio de muestras biol\u00f3gicas antiguas para investigaciones arqueol\u00f3gicas o hist\u00f3ricas relacionados con el patrimonio natural y cultural\u00a0 de la naci\u00f3n.<\/p>\t\t\t\t\t\t<\/div>\n\t\t\t\t<\/div>\n\t\t\t\t<div class=\"elementor-element elementor-element-94e80f4 elementor-invisible elementor-widget elementor-widget-heading\" data-id=\"94e80f4\" data-element_type=\"widget\" data-settings=\"{&quot;_animation&quot;:&quot;fadeInLeft&quot;}\" data-widget_type=\"heading.default\">\n\t\t\t\t<div class=\"elementor-widget-container\">\n\t\t\t<h2 class=\"elementor-heading-title elementor-size-default\">CONTACTOS<\/h2>\t\t<\/div>\n\t\t\t\t<\/div>\n\t\t\t\t<div class=\"elementor-element elementor-element-c4a70b4 elementor-icon-list--layout-traditional elementor-list-item-link-full_width elementor-invisible elementor-widget elementor-widget-icon-list\" data-id=\"c4a70b4\" data-element_type=\"widget\" data-settings=\"{&quot;_animation&quot;:&quot;fadeInLeft&quot;}\" data-widget_type=\"icon-list.default\">\n\t\t\t\t<div class=\"elementor-widget-container\">\n\t\t\t\t\t<ul class=\"elementor-icon-list-items\">\n\t\t\t\t\t\t\t<li class=\"elementor-icon-list-item\">\n\t\t\t\t\t\t\t\t\t\t\t<span class=\"elementor-icon-list-icon\">\n\t\t\t\t\t\t\t<i aria-hidden=\"true\" class=\"fas fa-info-circle\"><\/i>\t\t\t\t\t\t<\/span>\n\t\t\t\t\t\t\t\t\t\t<span class=\"elementor-icon-list-text\">Contactos Puede asistir al Servicio de Cristalograf\u00eda Fundaci\u00f3n Instituto de Estudios Avanzados\u00a0(Idea)<\/span>\n\t\t\t\t\t\t\t\t\t<\/li>\n\t\t\t\t\t\t\t\t<li class=\"elementor-icon-list-item\">\n\t\t\t\t\t\t\t\t\t\t\t<span class=\"elementor-icon-list-icon\">\n\t\t\t\t\t\t\t<i aria-hidden=\"true\" class=\"fas fa-map-marker-alt\"><\/i>\t\t\t\t\t\t<\/span>\n\t\t\t\t\t\t\t\t\t\t<span class=\"elementor-icon-list-text\">Carretera Nacional Hoyo de la Puerta, Baruta, Altos de Sartenejas<\/span>\n\t\t\t\t\t\t\t\t\t<\/li>\n\t\t\t\t\t\t\t\t<li class=\"elementor-icon-list-item\">\n\t\t\t\t\t\t\t\t\t\t\t<span class=\"elementor-icon-list-icon\">\n\t\t\t\t\t\t\t<i aria-hidden=\"true\" class=\"far fa-envelope\"><\/i>\t\t\t\t\t\t<\/span>\n\t\t\t\t\t\t\t\t\t\t<span class=\"elementor-icon-list-text\">filiacionbiologica@idea.gob.ve<\/span>\n\t\t\t\t\t\t\t\t\t<\/li>\n\t\t\t\t\t\t<\/ul>\n\t\t\t\t<\/div>\n\t\t\t\t<\/div>\n\t\t\t\t\t<\/div>\n\t\t<\/div>\n\t\t\t\t\t\t\t<\/div>\n\t\t<\/section>\n\t\t\t\t\t\t\t<\/div>\n\t\t","protected":false},"excerpt":{"rendered":"<p>IDENTIFICACI\u00d3N GEN\u00c9TICA El Programa de Polimorfismos Gen\u00e9ticos Humanos del Idea desarrolla actualmente un proyecto de Identificaci\u00f3n de seres humanos por pruebas de ADN que aglutina un buen n\u00famero de intervenciones [&hellip;]<\/p>\n","protected":false},"author":3,"featured_media":0,"parent":0,"menu_order":0,"comment_status":"closed","ping_status":"closed","template":"elementor_header_footer","meta":{"footnotes":""},"class_list":["post-605","page","type-page","status-publish","hentry"],"_links":{"self":[{"href":"https:\/\/idea.gob.ve\/index.php\/wp-json\/wp\/v2\/pages\/605","targetHints":{"allow":["GET"]}}],"collection":[{"href":"https:\/\/idea.gob.ve\/index.php\/wp-json\/wp\/v2\/pages"}],"about":[{"href":"https:\/\/idea.gob.ve\/index.php\/wp-json\/wp\/v2\/types\/page"}],"author":[{"embeddable":true,"href":"https:\/\/idea.gob.ve\/index.php\/wp-json\/wp\/v2\/users\/3"}],"replies":[{"embeddable":true,"href":"https:\/\/idea.gob.ve\/index.php\/wp-json\/wp\/v2\/comments?post=605"}],"version-history":[{"count":15,"href":"https:\/\/idea.gob.ve\/index.php\/wp-json\/wp\/v2\/pages\/605\/revisions"}],"predecessor-version":[{"id":5215,"href":"https:\/\/idea.gob.ve\/index.php\/wp-json\/wp\/v2\/pages\/605\/revisions\/5215"}],"wp:attachment":[{"href":"https:\/\/idea.gob.ve\/index.php\/wp-json\/wp\/v2\/media?parent=605"}],"curies":[{"name":"wp","href":"https:\/\/api.w.org\/{rel}","templated":true}]}}