{"id":1960,"date":"2022-10-25T05:29:40","date_gmt":"2022-10-25T09:29:40","guid":{"rendered":"http:\/\/localhost\/idea\/wordpress\/?page_id=1960"},"modified":"2022-10-25T10:16:42","modified_gmt":"2022-10-25T14:16:42","slug":"iv-cva2022","status":"publish","type":"page","link":"https:\/\/idea.gob.ve\/index.php\/iv-cva2022\/","title":{"rendered":"IV CVA2022"},"content":{"rendered":"\t\t<div data-elementor-type=\"wp-page\" data-elementor-id=\"1960\" class=\"elementor elementor-1960\" data-elementor-post-type=\"page\">\n\t\t\t\t\t\t\t\t\t<section class=\"elementor-section elementor-top-section elementor-element elementor-element-19ecf7a elementor-section-boxed elementor-section-height-default elementor-section-height-default\" data-id=\"19ecf7a\" data-element_type=\"section\">\n\t\t\t\t\t\t<div class=\"elementor-container elementor-column-gap-default\">\n\t\t\t\t\t<div class=\"elementor-column elementor-col-100 elementor-top-column elementor-element elementor-element-ea4d285\" data-id=\"ea4d285\" data-element_type=\"column\">\n\t\t\t<div class=\"elementor-widget-wrap elementor-element-populated\">\n\t\t\t\t\t\t\t\t<div class=\"elementor-element elementor-element-21b67aa elementor-widget elementor-widget-spacer\" data-id=\"21b67aa\" data-element_type=\"widget\" data-widget_type=\"spacer.default\">\n\t\t\t\t<div class=\"elementor-widget-container\">\n\t\t\t\t\t<div class=\"elementor-spacer\">\n\t\t\t<div class=\"elementor-spacer-inner\"><\/div>\n\t\t<\/div>\n\t\t\t\t<\/div>\n\t\t\t\t<\/div>\n\t\t\t\t<div class=\"elementor-element elementor-element-a2eccaa elementor-widget elementor-widget-heading\" data-id=\"a2eccaa\" data-element_type=\"widget\" data-widget_type=\"heading.default\">\n\t\t\t\t<div class=\"elementor-widget-container\">\n\t\t\t<h2 class=\"elementor-heading-title elementor-size-default\">Del 02 al 04 de Noviembre, ser\u00e1 la fiesta agroecol\u00f3gica<\/h2>\t\t<\/div>\n\t\t\t\t<\/div>\n\t\t\t\t<div class=\"elementor-element elementor-element-e03f66d elementor-widget elementor-widget-text-editor\" data-id=\"e03f66d\" data-element_type=\"widget\" data-widget_type=\"text-editor.default\">\n\t\t\t\t<div class=\"elementor-widget-container\">\n\t\t\t\t\t\t\t<p>El pr\u00f3ximo 02 de noviembre se celebrar\u00e1 el\u00a0 IV CONGRESO VENEZOLANO DE AGROECOLOG\u00cdA 2022 bajo el eslogan \u201cAportes hacia la visibilizaci\u00f3n de las agroecolog\u00edas comunitarias: acciones colectivas territoriales ante las m\u00faltiples crisis\u201d. Un espacio que suma experiencias y voluntades de comunidades as\u00ed como de organizaciones de diversas indoles, quienes compartir\u00e1n un trabajo o alg\u00fan otro inter\u00e9s cobre estos temas agroecol\u00f3gicos. Por ello, contaremos, adem\u00e1s de la sede central del Congreso, la cual ser\u00e1 en el Instituto de Estudios Avanzado (IDEA); con otros lugares de encuentro presencial,\u00a0 coordinado por las Unidades Territoriales del Mincyt (Fundacites, entre otros espacios) en los siguientes estados: ANZOATEGUI, ARAGUA, BARINAS, BOLIVAR, LARA, MERIDA, MONAGAS y YARACUY. Se trata de visibilizar los nuevos protagonismos territoriales de mujeres, hombres, j\u00f3venes y ni\u00f1eces que est\u00e1n proponiendo otras formas de pensar y practicar la agroecolog\u00eda; y de este modo, hacen frente a los desaf\u00edos del actual panorama de crisis (sanitaria, pol\u00edtica, econ\u00f3mica, alimentaria, entre otros). Bajo un formato mixto (virtual-presencial), se compartir\u00e1n los aportes desde ponencias hasta el aprender desde la experiencias, contara con espacios para el intercambio presencial\u00a0<\/p><p>Con el objeto de promover un di\u00e1logo con\/entre sus protagonistas: hombres mujeres, j\u00f3venes, adulta(o)s y ni\u00f1o(a)s, quienes est\u00e1n recreando otras formas de alimentarnos, pero, tambi\u00e9n de sostener lo m\u00e1s estrat\u00e9gico: la soberan\u00eda alimentaria. Lo que, consideramos, abre nuevas posibilidades de encontrar otras v\u00edas para afrontar y alcanzar el desarrollo de estrategias colectivas para el bien com\u00fan, orientadas a la soberan\u00eda alimentaria.<\/p>\t\t\t\t\t\t<\/div>\n\t\t\t\t<\/div>\n\t\t\t\t<div class=\"elementor-element elementor-element-63e0ea1 elementor-widget elementor-widget-heading\" data-id=\"63e0ea1\" data-element_type=\"widget\" data-widget_type=\"heading.default\">\n\t\t\t\t<div class=\"elementor-widget-container\">\n\t\t\t<h2 class=\"elementor-heading-title elementor-size-default\">Actividades de las Sedes del Congreso por todo el territorio nacional<\/h2>\t\t<\/div>\n\t\t\t\t<\/div>\n\t\t\t\t<div class=\"elementor-element elementor-element-df0c341 elementor-widget elementor-widget-text-editor\" data-id=\"df0c341\" data-element_type=\"widget\" data-widget_type=\"text-editor.default\">\n\t\t\t\t<div class=\"elementor-widget-container\">\n\t\t\t\t\t\t\t<p>De forma muy org\u00e1nica los diversos comit\u00e9s territoriales conformados por representantes institucionales pero tambi\u00e9n de las comunidades como de organizaciones quienes est\u00e1n articulando esfuerzos para abrir una sede del congreso, el cual ser\u00e1 simult\u00e1neo. Donde adem\u00e1s, se suman otras propuestas de actividades por organizaciones, como ferias y mesas donde tengan espacios las semillas, productos agroecol\u00f3gicos, innovaciones agr\u00edcolas con tecnolog\u00edas apropiadas y apropiables, gastronom\u00eda (local, regional o nacional, artesan\u00eda), trueques (semillas, plantas, libros u otros), actividades culturales y otras actividades de inter\u00e9s colectivo.<\/p><p>Tambien se han reportado diversas actividades precongreso, por lo que esperamos que esta nueva ola agroecol\u00f3gica siga moviendo muchas actividades articuladoras.<\/p><p>Ejemplo de ello, est\u00e1n: la Sede Aragua, el 28 de octubre celebrar\u00e1 como actividad precongreso un \u201cDi\u00e1logo de saberes agroecol\u00f3gicos\u201d para articular otros esfuerzos que se est\u00e1n dando en los territorios sobre estas tem\u00e1ticas y donde confluyen esfuerzos de diversas instituciones como organizaciones de base del Estado Aragua.<\/p><p>Del mismo modo la Sede de Lara y otros grupos est\u00e1n organizando actividades de esta naturaleza.<\/p><p>Creemos que las agroecolog\u00edas se sostienen de las experiencias as\u00ed como de las capacidades de di\u00e1logos entre comunidades y otros espacios m\u00e1s t\u00e9cnicos como los cient\u00edficos y formativos, por tanto son procesos sociales territoriales, con din\u00e1micas propias. Y el aporte del congreso es propiciar los encuentro a una escala m\u00e1s amplia, fortalecer redes, visibilizar espacios comunes y compartir. Finalmente, un espacio para la celebraci\u00f3n. Y aprovechamos para seguir extendiendo la invitaci\u00f3n, s\u00famate al IV Congreso venezolano de Agroecolog\u00eda 2022.<\/p><p>El comit\u00e9 organizador.<\/p>\t\t\t\t\t\t<\/div>\n\t\t\t\t<\/div>\n\t\t\t\t<div class=\"elementor-element elementor-element-0e35c2a elementor-align-center elementor-widget elementor-widget-button\" data-id=\"0e35c2a\" data-element_type=\"widget\" data-widget_type=\"button.default\">\n\t\t\t\t<div class=\"elementor-widget-container\">\n\t\t\t\t\t<div class=\"elementor-button-wrapper\">\n\t\t\t<a class=\"elementor-button elementor-button-link elementor-size-sm elementor-animation-grow\" href=\"http:\/\/localhost\/idea\/wordpress\/wp-content\/uploads\/2022\/10\/IV-CVA2022.pdf\">\n\t\t\t\t\t\t<span class=\"elementor-button-content-wrapper\">\n\t\t\t\t\t\t<span class=\"elementor-button-text\">Descargar<\/span>\n\t\t<\/span>\n\t\t\t\t\t<\/a>\n\t\t<\/div>\n\t\t\t\t<\/div>\n\t\t\t\t<\/div>\n\t\t\t\t\t<\/div>\n\t\t<\/div>\n\t\t\t\t\t\t\t<\/div>\n\t\t<\/section>\n\t\t\t\t\t\t\t<\/div>\n\t\t","protected":false},"excerpt":{"rendered":"<p>Del 02 al 04 de Noviembre, ser\u00e1 la fiesta agroecol\u00f3gica El pr\u00f3ximo 02 de noviembre se celebrar\u00e1 el\u00a0 IV CONGRESO VENEZOLANO DE AGROECOLOG\u00cdA 2022 bajo el eslogan \u201cAportes hacia la [&hellip;]<\/p>\n","protected":false},"author":3,"featured_media":0,"parent":0,"menu_order":0,"comment_status":"closed","ping_status":"closed","template":"elementor_header_footer","meta":{"footnotes":""},"class_list":["post-1960","page","type-page","status-publish","hentry"],"_links":{"self":[{"href":"https:\/\/idea.gob.ve\/index.php\/wp-json\/wp\/v2\/pages\/1960","targetHints":{"allow":["GET"]}}],"collection":[{"href":"https:\/\/idea.gob.ve\/index.php\/wp-json\/wp\/v2\/pages"}],"about":[{"href":"https:\/\/idea.gob.ve\/index.php\/wp-json\/wp\/v2\/types\/page"}],"author":[{"embeddable":true,"href":"https:\/\/idea.gob.ve\/index.php\/wp-json\/wp\/v2\/users\/3"}],"replies":[{"embeddable":true,"href":"https:\/\/idea.gob.ve\/index.php\/wp-json\/wp\/v2\/comments?post=1960"}],"version-history":[{"count":6,"href":"https:\/\/idea.gob.ve\/index.php\/wp-json\/wp\/v2\/pages\/1960\/revisions"}],"predecessor-version":[{"id":1971,"href":"https:\/\/idea.gob.ve\/index.php\/wp-json\/wp\/v2\/pages\/1960\/revisions\/1971"}],"wp:attachment":[{"href":"https:\/\/idea.gob.ve\/index.php\/wp-json\/wp\/v2\/media?parent=1960"}],"curies":[{"name":"wp","href":"https:\/\/api.w.org\/{rel}","templated":true}]}}

<div data-elementor-type="wp-page" data-elementor-id="1960" class="elementor elementor-1960" data-elementor-post-type="page">
									<section class="elementor-section elementor-top-section elementor-element elementor-element-19ecf7a elementor-section-boxed elementor-section-height-default elementor-section-height-default" data-id="19ecf7a" data-element_type="section">
						<div class="elementor-container elementor-column-gap-default">
					<div class="elementor-column elementor-col-100 elementor-top-column elementor-element elementor-element-ea4d285" data-id="ea4d285" data-element_type="column">
			<div class="elementor-widget-wrap elementor-element-populated">
								<div class="elementor-element elementor-element-21b67aa elementor-widget elementor-widget-spacer" data-id="21b67aa" data-element_type="widget" data-widget_type="spacer.default">
				<div class="elementor-widget-container">
					<div class="elementor-spacer">
			<div class="elementor-spacer-inner"></div>
		</div>
				</div>
				</div>
				<div class="elementor-element elementor-element-a2eccaa elementor-widget elementor-widget-heading" data-id="a2eccaa" data-element_type="widget" data-widget_type="heading.default">
				<div class="elementor-widget-container">
			<h2 class="elementor-heading-title elementor-size-default">Del 02 al 04 de Noviembre, será la fiesta agroecológica</h2>		</div>
				</div>
				<div class="elementor-element elementor-element-e03f66d elementor-widget elementor-widget-text-editor" data-id="e03f66d" data-element_type="widget" data-widget_type="text-editor.default">
				<div class="elementor-widget-container">
							<p>El próximo 02 de noviembre se celebrará el  IV CONGRESO VENEZOLANO DE AGROECOLOGÍA 2022 bajo el eslogan “Aportes hacia la visibilización de las agroecologías comunitarias: acciones colectivas territoriales ante las múltiples crisis”. Un espacio que suma experiencias y voluntades de comunidades así como de organizaciones de diversas indoles, quienes compartirán un trabajo o algún otro interés cobre estos temas agroecológicos. Por ello, contaremos, además de la sede central del Congreso, la cual será en el Instituto de Estudios Avanzado (IDEA); con otros lugares de encuentro presencial,  coordinado por las Unidades Territoriales del Mincyt (Fundacites, entre otros espacios) en los siguientes estados: ANZOATEGUI, ARAGUA, BARINAS, BOLIVAR, LARA, MERIDA, MONAGAS y YARACUY. Se trata de visibilizar los nuevos protagonismos territoriales de mujeres, hombres, jóvenes y niñeces que están proponiendo otras formas de pensar y practicar la agroecología; y de este modo, hacen frente a los desafíos del actual panorama de crisis (sanitaria, política, económica, alimentaria, entre otros). Bajo un formato mixto (virtual-presencial), se compartirán los aportes desde ponencias hasta el aprender desde la experiencias, contara con espacios para el intercambio presencial </p><p>Con el objeto de promover un diálogo con/entre sus protagonistas: hombres mujeres, jóvenes, adulta(o)s y niño(a)s, quienes están recreando otras formas de alimentarnos, pero, también de sostener lo más estratégico: la soberanía alimentaria. Lo que, consideramos, abre nuevas posibilidades de encontrar otras vías para afrontar y alcanzar el desarrollo de estrategias colectivas para el bien común, orientadas a la soberanía alimentaria.</p>						</div>
				</div>
				<div class="elementor-element elementor-element-63e0ea1 elementor-widget elementor-widget-heading" data-id="63e0ea1" data-element_type="widget" data-widget_type="heading.default">
				<div class="elementor-widget-container">
			<h2 class="elementor-heading-title elementor-size-default">Actividades de las Sedes del Congreso por todo el territorio nacional</h2>		</div>
				</div>
				<div class="elementor-element elementor-element-df0c341 elementor-widget elementor-widget-text-editor" data-id="df0c341" data-element_type="widget" data-widget_type="text-editor.default">
				<div class="elementor-widget-container">
							<p>De forma muy orgánica los diversos comités territoriales conformados por representantes institucionales pero también de las comunidades como de organizaciones quienes están articulando esfuerzos para abrir una sede del congreso, el cual será simultáneo. Donde además, se suman otras propuestas de actividades por organizaciones, como ferias y mesas donde tengan espacios las semillas, productos agroecológicos, innovaciones agrícolas con tecnologías apropiadas y apropiables, gastronomía (local, regional o nacional, artesanía), trueques (semillas, plantas, libros u otros), actividades culturales y otras actividades de interés colectivo.</p><p>Tambien se han reportado diversas actividades precongreso, por lo que esperamos que esta nueva ola agroecológica siga moviendo muchas actividades articuladoras.</p><p>Ejemplo de ello, están: la Sede Aragua, el 28 de octubre celebrará como actividad precongreso un “Diálogo de saberes agroecológicos” para articular otros esfuerzos que se están dando en los territorios sobre estas temáticas y donde confluyen esfuerzos de diversas instituciones como organizaciones de base del Estado Aragua.</p><p>Del mismo modo la Sede de Lara y otros grupos están organizando actividades de esta naturaleza.</p><p>Creemos que las agroecologías se sostienen de las experiencias así como de las capacidades de diálogos entre comunidades y otros espacios más técnicos como los científicos y formativos, por tanto son procesos sociales territoriales, con dinámicas propias. Y el aporte del congreso es propiciar los encuentro a una escala más amplia, fortalecer redes, visibilizar espacios comunes y compartir. Finalmente, un espacio para la celebración. Y aprovechamos para seguir extendiendo la invitación, súmate al IV Congreso venezolano de Agroecología 2022.</p><p>El comité organizador.</p>						</div>
				</div>
				<div class="elementor-element elementor-element-0e35c2a elementor-align-center elementor-widget elementor-widget-button" data-id="0e35c2a" data-element_type="widget" data-widget_type="button.default">
				<div class="elementor-widget-container">
					<div class="elementor-button-wrapper">
			<a class="elementor-button elementor-button-link elementor-size-sm elementor-animation-grow" href="http://localhost/idea/wordpress/wp-content/uploads/2022/10/IV-CVA2022.pdf">
						<span class="elementor-button-content-wrapper">
						<span class="elementor-button-text">Descargar</span>
		</span>
					</a>
		</div>
				</div>
				</div>
					</div>
		</div>
							</div>
		</section>
							</div>

<p>Del 02 al 04 de Noviembre, será la fiesta agroecológica El próximo 02 de noviembre se celebrará el  IV CONGRESO VENEZOLANO DE AGROECOLOGÍA 2022 bajo el eslogan “Aportes hacia la [&hellip;]</p>
