{"id":192,"date":"2021-06-18T23:41:35","date_gmt":"2021-06-19T03:41:35","guid":{"rendered":"http:\/\/localhost\/idea\/wordpress\/?page_id=192"},"modified":"2022-09-15T14:49:12","modified_gmt":"2022-09-15T18:49:12","slug":"sociopolitica-y-cultura","status":"publish","type":"page","link":"https:\/\/idea.gob.ve\/index.php\/sociopolitica-y-cultura\/","title":{"rendered":"Sociopol\u00edtica y Cultura"},"content":{"rendered":"\t\t<div data-elementor-type=\"wp-page\" data-elementor-id=\"192\" class=\"elementor elementor-192\" data-elementor-post-type=\"page\">\n\t\t\t\t\t\t\t\t\t<section class=\"elementor-section elementor-top-section elementor-element elementor-element-4d4b65c7 elementor-section-boxed elementor-section-height-default elementor-section-height-default\" data-id=\"4d4b65c7\" data-element_type=\"section\">\n\t\t\t\t\t\t<div class=\"elementor-container elementor-column-gap-default\">\n\t\t\t\t\t<div class=\"elementor-column elementor-col-100 elementor-top-column elementor-element elementor-element-46094353\" data-id=\"46094353\" data-element_type=\"column\">\n\t\t\t<div class=\"elementor-widget-wrap elementor-element-populated\">\n\t\t\t\t\t\t\t\t<div class=\"elementor-element elementor-element-659836d0 elementor-invisible elementor-widget elementor-widget-heading\" data-id=\"659836d0\" data-element_type=\"widget\" data-settings=\"{&quot;_animation&quot;:&quot;fadeInLeft&quot;}\" data-widget_type=\"heading.default\">\n\t\t\t\t<div class=\"elementor-widget-container\">\n\t\t\t<h2 class=\"elementor-heading-title elementor-size-default\">Sociopol\u00edtica y Cultura  <\/h2>\t\t<\/div>\n\t\t\t\t<\/div>\n\t\t\t\t\t<\/div>\n\t\t<\/div>\n\t\t\t\t\t\t\t<\/div>\n\t\t<\/section>\n\t\t\t\t<section class=\"elementor-section elementor-top-section elementor-element elementor-element-50578645 elementor-section-boxed elementor-section-height-default elementor-section-height-default\" data-id=\"50578645\" data-element_type=\"section\">\n\t\t\t\t\t\t<div class=\"elementor-container elementor-column-gap-default\">\n\t\t\t\t\t<div class=\"elementor-column elementor-col-100 elementor-top-column elementor-element elementor-element-5e0c8075\" data-id=\"5e0c8075\" data-element_type=\"column\">\n\t\t\t<div class=\"elementor-widget-wrap elementor-element-populated\">\n\t\t\t\t\t\t\t\t<div class=\"elementor-element elementor-element-5b9187f9 elementor-widget elementor-widget-text-editor\" data-id=\"5b9187f9\" data-element_type=\"widget\" data-widget_type=\"text-editor.default\">\n\t\t\t\t<div class=\"elementor-widget-container\">\n\t\t\t\t\t\t\t<p>Venezuela se presenta ante el mundo como pa\u00eds pionero de un nuevo proyecto socialista alternativo, respaldado por una nueva institucionalidad y un Estado construidos sobre bases de la democracia participativa. Es un proceso que se desarrolla para afianzarse como modelo pol\u00edtico y paradigma en el siglo XXI.<\/p><p>Las transformaciones iniciadas en el pa\u00eds y aquellas que han motivado cambios sustantivos en otras sociedades del continente evidencian la consistencia de la b\u00fasqueda de nuevas opciones que permitan desmontar el modelo neoliberal que gener\u00f3 en esta regi\u00f3n grandes desigualdades, exclusi\u00f3n y pobreza que s\u00f3lo pueden ser superadas con un cambio radical del modelo de desarrollo impuesto a trav\u00e9s de una mayor solidaridad entre los pueblos, respeto a la integraci\u00f3n, soberan\u00eda e identidad nacional.<\/p><p>Lo anterior exige realizar un conjunto de actividades de formaci\u00f3n e investiga\u00adci\u00f3n que permitan categorizar, repensar y contex\u00adtualizar fen\u00f3menos y conceptos que han surgido al calor de la \u201cRevoluci\u00f3n Bolivariana\u201d. Dichas in\u00advestigaciones son abordadas mediante equipos de trabajo y metodolog\u00edas multidisciplinarias. En este sentido, los procesos pol\u00edticos, sociales, econ\u00f3micos, cient\u00edficos, tecnol\u00f3gicos, culturales y ambientales a escala local, nacional y gran nacional son parte de la agenda amplia y necesaria para ser estudiada dentro del \u00e1rea de sociopol\u00edtica y cultura.<\/p><p>L\u00edneas de investigaci\u00f3n en el \u00c1rea de Sociopol\u00edtica y Cultura<\/p><p>Estudio de las transformaciones sociopol\u00edticas nuestra-americana del siglo XXI<\/p><p>Contribuir en el desarrollo de las pol\u00edticas p\u00fablicas dirigidas a establecer nuevas formas de relaci\u00f3n entre el Estado y sus instituciones con el Poder Popular, a partir de la construcci\u00f3n de identidades colectivas.<\/p><p>Apoyo en la construcci\u00f3n de un tejido institucional participativo y protag\u00f3nico como forma de consolidar pol\u00edticas p\u00fablicas o estatales pertinentes, nacional e internacio\u00adnalmente.<\/p><p>Analizar los cambios y nuevo rol de los medios de comunicaci\u00f3n social en los pro\u00adcesos de transformaci\u00f3n sociopol\u00edtica.<\/p><p>Desarrollar investigaciones, contribuir en la formaci\u00f3n de talento humano y brindar soporte t\u00e9cnico a las actividades que en materia de pol\u00edticas p\u00fablicas establezca el Ministerio del Poder Popular para Educaci\u00f3n Universitaria, Ciencia y Tecnolog\u00eda.<\/p><p>Gesti\u00f3n del patrimonio cultural venezolano y del patrimonio e identidad de los pueblos ind\u00edgenas.<\/p>\t\t\t\t\t\t<\/div>\n\t\t\t\t<\/div>\n\t\t\t\t\t<\/div>\n\t\t<\/div>\n\t\t\t\t\t\t\t<\/div>\n\t\t<\/section>\n\t\t\t\t\t\t\t<\/div>\n\t\t","protected":false},"excerpt":{"rendered":"<p>Sociopol\u00edtica y Cultura Venezuela se presenta ante el mundo como pa\u00eds pionero de un nuevo proyecto socialista alternativo, respaldado por una nueva institucionalidad y un Estado construidos sobre bases de [&hellip;]<\/p>\n","protected":false},"author":3,"featured_media":0,"parent":0,"menu_order":0,"comment_status":"closed","ping_status":"closed","template":"elementor_header_footer","meta":{"footnotes":""},"class_list":["post-192","page","type-page","status-publish","hentry"],"_links":{"self":[{"href":"https:\/\/idea.gob.ve\/index.php\/wp-json\/wp\/v2\/pages\/192","targetHints":{"allow":["GET"]}}],"collection":[{"href":"https:\/\/idea.gob.ve\/index.php\/wp-json\/wp\/v2\/pages"}],"about":[{"href":"https:\/\/idea.gob.ve\/index.php\/wp-json\/wp\/v2\/types\/page"}],"author":[{"embeddable":true,"href":"https:\/\/idea.gob.ve\/index.php\/wp-json\/wp\/v2\/users\/3"}],"replies":[{"embeddable":true,"href":"https:\/\/idea.gob.ve\/index.php\/wp-json\/wp\/v2\/comments?post=192"}],"version-history":[{"count":8,"href":"https:\/\/idea.gob.ve\/index.php\/wp-json\/wp\/v2\/pages\/192\/revisions"}],"predecessor-version":[{"id":1503,"href":"https:\/\/idea.gob.ve\/index.php\/wp-json\/wp\/v2\/pages\/192\/revisions\/1503"}],"wp:attachment":[{"href":"https:\/\/idea.gob.ve\/index.php\/wp-json\/wp\/v2\/media?parent=192"}],"curies":[{"name":"wp","href":"https:\/\/api.w.org\/{rel}","templated":true}]}}

Sociopolítica y Cultura

<div data-elementor-type="wp-page" data-elementor-id="192" class="elementor elementor-192" data-elementor-post-type="page">
									<section class="elementor-section elementor-top-section elementor-element elementor-element-4d4b65c7 elementor-section-boxed elementor-section-height-default elementor-section-height-default" data-id="4d4b65c7" data-element_type="section">
						<div class="elementor-container elementor-column-gap-default">
					<div class="elementor-column elementor-col-100 elementor-top-column elementor-element elementor-element-46094353" data-id="46094353" data-element_type="column">
			<div class="elementor-widget-wrap elementor-element-populated">
								<div class="elementor-element elementor-element-659836d0 elementor-invisible elementor-widget elementor-widget-heading" data-id="659836d0" data-element_type="widget" data-settings="{&quot;_animation&quot;:&quot;fadeInLeft&quot;}" data-widget_type="heading.default">
				<div class="elementor-widget-container">
			<h2 class="elementor-heading-title elementor-size-default">Sociopolítica y Cultura  </h2>		</div>
				</div>
					</div>
		</div>
							</div>
		</section>
				<section class="elementor-section elementor-top-section elementor-element elementor-element-50578645 elementor-section-boxed elementor-section-height-default elementor-section-height-default" data-id="50578645" data-element_type="section">
						<div class="elementor-container elementor-column-gap-default">
					<div class="elementor-column elementor-col-100 elementor-top-column elementor-element elementor-element-5e0c8075" data-id="5e0c8075" data-element_type="column">
			<div class="elementor-widget-wrap elementor-element-populated">
								<div class="elementor-element elementor-element-5b9187f9 elementor-widget elementor-widget-text-editor" data-id="5b9187f9" data-element_type="widget" data-widget_type="text-editor.default">
				<div class="elementor-widget-container">
							<p>Venezuela se presenta ante el mundo como país pionero de un nuevo proyecto socialista alternativo, respaldado por una nueva institucionalidad y un Estado construidos sobre bases de la democracia participativa. Es un proceso que se desarrolla para afianzarse como modelo político y paradigma en el siglo XXI.</p><p>Las transformaciones iniciadas en el país y aquellas que han motivado cambios sustantivos en otras sociedades del continente evidencian la consistencia de la búsqueda de nuevas opciones que permitan desmontar el modelo neoliberal que generó en esta región grandes desigualdades, exclusión y pobreza que sólo pueden ser superadas con un cambio radical del modelo de desarrollo impuesto a través de una mayor solidaridad entre los pueblos, respeto a la integración, soberanía e identidad nacional.</p><p>Lo anterior exige realizar un conjunto de actividades de formación e investiga­ción que permitan categorizar, repensar y contex­tualizar fenómenos y conceptos que han surgido al calor de la “Revolución Bolivariana”. Dichas in­vestigaciones son abordadas mediante equipos de trabajo y metodologías multidisciplinarias. En este sentido, los procesos políticos, sociales, económicos, científicos, tecnológicos, culturales y ambientales a escala local, nacional y gran nacional son parte de la agenda amplia y necesaria para ser estudiada dentro del área de sociopolítica y cultura.</p><p>Líneas de investigación en el Área de Sociopolítica y Cultura</p><p>Estudio de las transformaciones sociopolíticas nuestra-americana del siglo XXI</p><p>Contribuir en el desarrollo de las políticas públicas dirigidas a establecer nuevas formas de relación entre el Estado y sus instituciones con el Poder Popular, a partir de la construcción de identidades colectivas.</p><p>Apoyo en la construcción de un tejido institucional participativo y protagónico como forma de consolidar políticas públicas o estatales pertinentes, nacional e internacio­nalmente.</p><p>Analizar los cambios y nuevo rol de los medios de comunicación social en los pro­cesos de transformación sociopolítica.</p><p>Desarrollar investigaciones, contribuir en la formación de talento humano y brindar soporte técnico a las actividades que en materia de políticas públicas establezca el Ministerio del Poder Popular para Educación Universitaria, Ciencia y Tecnología.</p><p>Gestión del patrimonio cultural venezolano y del patrimonio e identidad de los pueblos indígenas.</p>						</div>
				</div>
					</div>
		</div>
							</div>
		</section>
							</div>

<p>Sociopolítica y Cultura Venezuela se presenta ante el mundo como país pionero de un nuevo proyecto socialista alternativo, respaldado por una nueva institucionalidad y un Estado construidos sobre bases de [&hellip;]</p>
