{"id":1451,"date":"2022-09-15T10:46:03","date_gmt":"2022-09-15T14:46:03","guid":{"rendered":"http:\/\/localhost\/idea\/wordpress\/?page_id=1451"},"modified":"2023-11-20T09:10:54","modified_gmt":"2023-11-20T13:10:54","slug":"salud","status":"publish","type":"page","link":"https:\/\/idea.gob.ve\/index.php\/salud\/","title":{"rendered":"Salud"},"content":{"rendered":"\t\t<div data-elementor-type=\"wp-page\" data-elementor-id=\"1451\" class=\"elementor elementor-1451\" data-elementor-post-type=\"page\">\n\t\t\t\t\t\t\t\t\t<section class=\"elementor-section elementor-top-section elementor-element elementor-element-1a9bbfb elementor-section-boxed elementor-section-height-default elementor-section-height-default\" data-id=\"1a9bbfb\" data-element_type=\"section\">\n\t\t\t\t\t\t<div class=\"elementor-container elementor-column-gap-default\">\n\t\t\t\t\t<div class=\"elementor-column elementor-col-100 elementor-top-column elementor-element elementor-element-e2ff8a2\" data-id=\"e2ff8a2\" data-element_type=\"column\">\n\t\t\t<div class=\"elementor-widget-wrap elementor-element-populated\">\n\t\t\t\t\t\t\t\t<div class=\"elementor-element elementor-element-a3e776b elementor-invisible elementor-widget elementor-widget-heading\" data-id=\"a3e776b\" data-element_type=\"widget\" data-settings=\"{&quot;_animation&quot;:&quot;fadeInLeft&quot;}\" data-widget_type=\"heading.default\">\n\t\t\t\t<div class=\"elementor-widget-container\">\n\t\t\t<h2 class=\"elementor-heading-title elementor-size-default\">DIRECCI\u00d3N DE SALUD<\/h2>\t\t<\/div>\n\t\t\t\t<\/div>\n\t\t\t\t<div class=\"elementor-element elementor-element-b9426bf elementor-invisible elementor-widget elementor-widget-text-editor\" data-id=\"b9426bf\" data-element_type=\"widget\" data-settings=\"{&quot;_animation&quot;:&quot;fadeInLeft&quot;}\" data-widget_type=\"text-editor.default\">\n\t\t\t\t<div class=\"elementor-widget-container\">\n\t\t\t\t\t\t\t<p>La Direcci\u00f3n de Salud est\u00e1 dedicada al desarrollo de actividades de investigaci\u00f3n, formaci\u00f3n y servicios, con miras a la resoluci\u00f3n de problemas de salud p\u00fablica, para detectar y tratar oportunamente enfermedades cr\u00f3nicas, infecto-contagiosas, parasitarias, inflamatorias, neurodegenerativas, pruebas neonatales, enfermedades renales, afecciones pulmonares y regeneraci\u00f3n de tejidos.<\/p>\n<p>En esta \u00e1rea se realizan estudios de base tecnol\u00f3gica para la producci\u00f3n de anti-venenos, desarrollo de estuches para diagn\u00f3stico de algunas enfermedades como el c\u00e1ncer, c\u00e1lculo renal; adem\u00e1s de realizar pesquisas neonatales; y producir biomol\u00e9culas.<\/p>\t\t\t\t\t\t<\/div>\n\t\t\t\t<\/div>\n\t\t\t\t<div class=\"elementor-element elementor-element-6524293 elementor-invisible elementor-widget elementor-widget-heading\" data-id=\"6524293\" data-element_type=\"widget\" data-settings=\"{&quot;_animation&quot;:&quot;fadeInLeft&quot;}\" data-widget_type=\"heading.default\">\n\t\t\t\t<div class=\"elementor-widget-container\">\n\t\t\t<h2 class=\"elementor-heading-title elementor-size-default\">Esta \u00e1rea cuenta con:<\/h2>\t\t<\/div>\n\t\t\t\t<\/div>\n\t\t\t\t<div class=\"elementor-element elementor-element-f06ba52 elementor-widget elementor-widget-text-editor\" data-id=\"f06ba52\" data-element_type=\"widget\" data-settings=\"{&quot;_animation&quot;:&quot;none&quot;}\" data-widget_type=\"text-editor.default\">\n\t\t\t\t<div class=\"elementor-widget-container\">\n\t\t\t\t\t\t\t<p>-Unidad de Polimorfismo Gen\u00e9tico (UPG)<\/p>\n<p>-Unidad de Estructura Molecular (UEM)<\/p>\n<p>-Unidad de Neurociencia (UN)<\/p>\n<p>-Unidad de Errores Innatos del Metabolismo (UEIM)<\/p>\n<p>-Laboratorios de Investigaci\u00f3n<\/p>\t\t\t\t\t\t<\/div>\n\t\t\t\t<\/div>\n\t\t\t\t<div class=\"elementor-element elementor-element-13f6fc8 elementor-invisible elementor-widget elementor-widget-heading\" data-id=\"13f6fc8\" data-element_type=\"widget\" data-settings=\"{&quot;_animation&quot;:&quot;fadeInLeft&quot;}\" data-widget_type=\"heading.default\">\n\t\t\t\t<div class=\"elementor-widget-container\">\n\t\t\t<h2 class=\"elementor-heading-title elementor-size-default\">Unidad de Neurociencias.<\/h2>\t\t<\/div>\n\t\t\t\t<\/div>\n\t\t\t\t<div class=\"elementor-element elementor-element-f6ba4d2 elementor-invisible elementor-widget elementor-widget-text-editor\" data-id=\"f6ba4d2\" data-element_type=\"widget\" data-settings=\"{&quot;_animation&quot;:&quot;fadeInLeft&quot;}\" data-widget_type=\"text-editor.default\">\n\t\t\t\t<div class=\"elementor-widget-container\">\n\t\t\t\t\t\t\t<p>Conformada por los laboratorios de Neurobiolog\u00eda Celular, Electrofisiolog\u00eda, Bioqu\u00edm\u00edca Estructura y Funci\u00f3n de Prote\u00ednas, Neurobiolog\u00eda Molecular, y Neuroinmunolog\u00eda. En los laboratorios que la conforman se estudia la diferenciaci\u00f3n y regeneraci\u00f3n del sistema nervioso. El \u00e9nfasis de estas investigaciones est\u00e1 en la b\u00fasqueda de mol\u00e9culas que promuevan la diferenciaci\u00f3n neuronal para potenciales terapias de enfermedades neurodegenerativas. Tambi\u00e9n se est\u00e1 desarrollando un kit de diagn\u00f3stico del hipotiroidismo cong\u00e9nito (TSH), ensayos pilotos y de validaci\u00f3n del kit de diagn\u00f3stico para c\u00e1ncer de mama, as\u00ed como la producci\u00f3n de anti veneno enti-escorpi\u00f3nico. Adicionalmente, se ofrece el servicio de secuenciaci\u00f3n de ADN.<\/p>\t\t\t\t\t\t<\/div>\n\t\t\t\t<\/div>\n\t\t\t\t<div class=\"elementor-element elementor-element-3ae785d elementor-invisible elementor-widget elementor-widget-heading\" data-id=\"3ae785d\" data-element_type=\"widget\" data-settings=\"{&quot;_animation&quot;:&quot;fadeInLeft&quot;}\" data-widget_type=\"heading.default\">\n\t\t\t\t<div class=\"elementor-widget-container\">\n\t\t\t<h2 class=\"elementor-heading-title elementor-size-default\">Unidad de Estructura Molecular (UEM).<\/h2>\t\t<\/div>\n\t\t\t\t<\/div>\n\t\t\t\t<div class=\"elementor-element elementor-element-1d4a9f4 elementor-invisible elementor-widget elementor-widget-text-editor\" data-id=\"1d4a9f4\" data-element_type=\"widget\" data-settings=\"{&quot;_animation&quot;:&quot;fadeInLeft&quot;}\" data-widget_type=\"text-editor.default\">\n\t\t\t\t<div class=\"elementor-widget-container\">\n\t\t\t\t\t\t\t<p>Los laboratorios de esta Unidad desarrollan las siguientes l\u00edneas de investigaci\u00f3n: 1) Tecnolog\u00eda para la Producci\u00f3n de Surfactante pulmonar, 2) Caracterizaci\u00f3n de Liposomas para entrega controlada de medicamentos, 3) Empleo de Herramientas de Combinatoria Aplicada, 4) Sustancias Naturales: Estudio y caracterizaci\u00f3n de principios activos, 5) Biomineralizaci\u00f3n: Estudio de biominerales producidos por seres vivos por t\u00e9cnicas de cristalograf\u00eda: Xeno injertos \u00f3seos y Perlas de Nueva Cadiz de Cubagua.<\/p>\t\t\t\t\t\t<\/div>\n\t\t\t\t<\/div>\n\t\t\t\t<div class=\"elementor-element elementor-element-28c4237 elementor-invisible elementor-widget elementor-widget-heading\" data-id=\"28c4237\" data-element_type=\"widget\" data-settings=\"{&quot;_animation&quot;:&quot;fadeInLeft&quot;}\" data-widget_type=\"heading.default\">\n\t\t\t\t<div class=\"elementor-widget-container\">\n\t\t\t<h2 class=\"elementor-heading-title elementor-size-default\">Servicios de la UEM: <\/h2>\t\t<\/div>\n\t\t\t\t<\/div>\n\t\t\t\t<div class=\"elementor-element elementor-element-6e27dbc elementor-invisible elementor-widget elementor-widget-text-editor\" data-id=\"6e27dbc\" data-element_type=\"widget\" data-settings=\"{&quot;_animation&quot;:&quot;fadeInLeft&quot;}\" data-widget_type=\"text-editor.default\">\n\t\t\t\t<div class=\"elementor-widget-container\">\n\t\t\t\t\t\t\t<p>1) Servicio de Cristalograf\u00eda. An\u00e1lisis cualitativo, cuantitativo, morfol\u00f3gico y cristalogr\u00e1fico de materiales de inter\u00e9s tecnol\u00f3gico y biol\u00f3gico empleando t\u00e9cnicas de difracci\u00f3n de rayos-X y microscop\u00eda.<\/p><p>2) Servicio de An\u00e1lisis Cristalogr\u00e1fico de C\u00e1lculos Renales. Consiste en la determinaci\u00f3n cualitativa, cuantitativa y morfol\u00f3gica de los c\u00e1lculos urinarios.Este an\u00e1lisis se realiza empleando la difracci\u00f3n de rayos X, que es la t\u00e9cnica m\u00e1s empleada en el estudio de la estructura de los materiales s\u00f3lidos, bien sean f\u00edsico-qu\u00edmicos o biol\u00f3gicos. Gracias a una tecnolog\u00eda desarrollada en la Unidad de Estructura Molecular se pueden estudiar c\u00e1lculos renales de muy peque\u00f1o tama\u00f1o (algunos miligramos), siendo este el caso de pacientes que comienzan a expulsar arenillas.<\/p>\t\t\t\t\t\t<\/div>\n\t\t\t\t<\/div>\n\t\t\t\t<div class=\"elementor-element elementor-element-17b2f0a elementor-invisible elementor-widget elementor-widget-heading\" data-id=\"17b2f0a\" data-element_type=\"widget\" data-settings=\"{&quot;_animation&quot;:&quot;fadeInLeft&quot;}\" data-widget_type=\"heading.default\">\n\t\t\t\t<div class=\"elementor-widget-container\">\n\t\t\t<h2 class=\"elementor-heading-title elementor-size-default\">Unidad de Errores Innatos del Metabolismo.<\/h2>\t\t<\/div>\n\t\t\t\t<\/div>\n\t\t\t\t<div class=\"elementor-element elementor-element-3be9ba7 elementor-invisible elementor-widget elementor-widget-text-editor\" data-id=\"3be9ba7\" data-element_type=\"widget\" data-settings=\"{&quot;_animation&quot;:&quot;fadeInLeft&quot;}\" data-widget_type=\"text-editor.default\">\n\t\t\t\t<div class=\"elementor-widget-container\">\n\t\t\t\t\t\t\t<p>Servicio de Pesquisa Neonatal y Servicio de Pesquisa Selectiva. Se realiza el despistaje de Hipotiroidismo Cong\u00e9nito Primario y Fenilcetonuria. Los pacientes que padecen estas enfermedades pueden desarrollar retardo mental entre otras afectaciones si no son diagnosticados y tratados a tiempo. Por lo tanto, la detecci\u00f3n temprana de estas enfermedades, en el periodo neonatal, es de suma importancia para los pacientes afectados. Tambi\u00e9n se realizan estudios para el diagn\u00f3stico de pacientes con sospecha de padecer un Error Innato del Metabolismo, que son referidos a nuestra unidad desde distintos centros de salud del pa\u00eds, como parte de la Pesquisa Selectiva. <\/p>\t\t\t\t\t\t<\/div>\n\t\t\t\t<\/div>\n\t\t\t\t<div class=\"elementor-element elementor-element-ff58407 elementor-invisible elementor-widget elementor-widget-heading\" data-id=\"ff58407\" data-element_type=\"widget\" data-settings=\"{&quot;_animation&quot;:&quot;fadeInLeft&quot;}\" data-widget_type=\"heading.default\">\n\t\t\t\t<div class=\"elementor-widget-container\">\n\t\t\t<h2 class=\"elementor-heading-title elementor-size-default\">Unidad de Polimorfismo Gen\u00e9tico.<\/h2>\t\t<\/div>\n\t\t\t\t<\/div>\n\t\t\t\t<div class=\"elementor-element elementor-element-2e6fd0d elementor-invisible elementor-widget elementor-widget-text-editor\" data-id=\"2e6fd0d\" data-element_type=\"widget\" data-settings=\"{&quot;_animation&quot;:&quot;fadeInLeft&quot;}\" data-widget_type=\"text-editor.default\">\n\t\t\t\t<div class=\"elementor-widget-container\">\n\t\t\t\t\t\t\t<p>1) Laboratorio de Gen\u00e9tica Forense. Es un \u00e1rea de investigaci\u00f3n cient\u00edfica multidisciplinaria dedicada a los estudios de las enfermedades gen\u00e9ticas en humanos, la identificaci\u00f3n y filiaci\u00f3n biol\u00f3gica por medio de marcadores moleculares (STR) en cromosomas autosomales y en el cromosoma Y, as\u00ed como el estudio del ADN mitocondrial. Adem\u00e1s del aporte al conocimiento cient\u00edfico, tambi\u00e9n se ofrecen los servicios de filiaci\u00f3n biol\u00f3gica y secuenciaci\u00f3n del ADN como instrumentos para el desarrollo de la poblaci\u00f3n.<br \/><br \/>2) Servicio de Filiaci\u00f3n Biol\u00f3gica (\u201cPaternidad\u201d). Comprendido por un grupo de investigadores y profesionales capacitados en el \u00e1rea de Gen\u00e9tica cuya misi\u00f3n se centra en la aplicaci\u00f3n de las tecnolog\u00edas del ADN en la resoluci\u00f3n de casos de filiaci\u00f3n biol\u00f3gica dubitada como las pruebas de paternidad, pruebas de abuelidad o pruebas de hermandad mediante marcadores moleculares (STR, Cromosoma Y y ADN mitocondrial). Asimismo, casos de \u00edndole criminal o de identificaci\u00f3n humana por muerte o desaparici\u00f3n. Acompa\u00f1ado de la tecnolog\u00eda del ABI PRIMS 310 Genetic Analyzer. Se ofrece a los usuarios confidencialidad, confiabilidad, experiencia, sujeci\u00f3n a principios \u00e9ticos, costos accesibles, buena tecnolog\u00eda y garant\u00eda de calidad.<br \/><br \/>3) Servicio de Secuenciaci\u00f3n. Formado por un grupo de investigadores y profesionales capacitados con la misi\u00f3n de aplicar las tecnolog\u00edas experimentales de biolog\u00eda molecular para la determinaci\u00f3n del orden nucleot\u00eddico contenido en un segmento espec\u00edfico de la mol\u00e9cula del ADN, basados en el m\u00e9todo de secuenciaci\u00f3n automatizado de Sanger con la tecnolog\u00eda del equipo 3130xl Genetic Analyzer.<br \/><br \/>4) Proyecto de Edici\u00f3n g\u00e9nica en Trypanosomatideos. Este Proyecto tiene como finalidad estudiar el efecto de la edici\u00f3n de genes claves de los par\u00e1sitos de humanos Trypanosoma cruzi y Leishmania a fin de determinar su importancia en el ciclo de vida de estos organismos y as\u00ed descubrir nuevos blancos quimioterap\u00faticos. Se emplea en el Proyecto los \u00faltimos avances en edici\u00f3n g\u00e9nica con la posibilidad de ser expandido a otros organismos.<\/p>\t\t\t\t\t\t<\/div>\n\t\t\t\t<\/div>\n\t\t\t\t<div class=\"elementor-element elementor-element-ad92c60 elementor-invisible elementor-widget elementor-widget-heading\" data-id=\"ad92c60\" data-element_type=\"widget\" data-settings=\"{&quot;_animation&quot;:&quot;fadeInLeft&quot;}\" data-widget_type=\"heading.default\">\n\t\t\t\t<div class=\"elementor-widget-container\">\n\t\t\t<h2 class=\"elementor-heading-title elementor-size-default\">Otros Laboratorios de Investigaci\u00f3n<\/h2>\t\t<\/div>\n\t\t\t\t<\/div>\n\t\t\t\t<div class=\"elementor-element elementor-element-eb1cc9d elementor-invisible elementor-widget elementor-widget-text-editor\" data-id=\"eb1cc9d\" data-element_type=\"widget\" data-settings=\"{&quot;_animation&quot;:&quot;fadeInLeft&quot;}\" data-widget_type=\"text-editor.default\">\n\t\t\t\t<div class=\"elementor-widget-container\">\n\t\t\t\t\t\t\t<p>Laboratorio de Se\u00f1alizaci\u00f3n Celular y Bioqu\u00edmica de Par\u00e1sitos. Este laboratorio realiza actividades de investigaci\u00f3n orientadas a la b\u00fasqueda de drogas para el tratamiento de enfermedades parasitarias que originan el Mal de Chagas y la Leishmaniasis. Se estudia el efecto de drogas sobre la viabilidad de los par\u00e1sitos Trypanosoma cruzi y Leishmania mexicana, teniendo como blanco organelos del par\u00e1sito (acidocalcisoma, mitocondria) y concentraci\u00f3n de calcio intracelular. As\u00ed como tambi\u00e9n el efecto de drogas sobre la homeostasis del Calcio en macr\u00f3fagos. Actualmente se ejecuta el proyecto donde se eval\u00faan compuestos con potencial terap\u00e9utico contra los par\u00e1sitos que producen el Mal de Chagas.<\/p><p><br \/>Laboratorio de Biolog\u00eda y Quimioterapia de Parasitosis Tropicales<br \/>Este laboratorio viene realizando ensayos in vitro, para evaluar efectos antiparasitarios de varios compuestos y drogas sobre el par\u00e1sito Trypanosoma cruzi, mediante ensayos in vitro de efectos antiparasitarios sobre epimastigotes de Trypanosoma cruzi .<\/p><p>Laboratorio de Biomol\u00e9culas de Inter\u00e9s Biotecnol\u00f3gico<br \/>Este laboratorio realiza investigaciones que contemplan: clonar, subclonar, expresar y purificar genes de diferentes prote\u00ednas, anticuerpos de cadena sencilla \u201cnano-anticuerpos\u201d y enzimas de inter\u00e9s biotecnol\u00f3gico para el desarrollo de kits de diagn\u00f3stico. Dentro de las actividades que se est\u00e1n en progreso se tiene: a) Mantenimiento y estabilizaci\u00f3n de las prote\u00ednas recombinantes Taq, Pfu, RT-HIV y Bst. b) Estandarizaci\u00f3n de la expresi\u00f3n y purificaci\u00f3n de las siguientes prote\u00ednas utilizadas en amplificaciones isot\u00e9rmicas (RPA): Gp32: Prote\u00edna de uni\u00f3n a simple banda de ADN, Bsu: ADN polimerasa de E.coli y UvsX: Prote\u00edna de actividad recombinasa.<\/p><p><br \/>Laboratorio de Bioinform\u00e1tica<br \/>Este laboratorio se centra en el desarrollo de modelos matem\u00e1ticos que permiten predecir comportamiento de procesos biol\u00f3gicos. Se desarrollaron variantes matem\u00e1ticas<br \/>capaces de explicar la din\u00e1mica de contagio de los casos de la<br \/>Covid-19, evaluad en Venezuela y en otros pa\u00edses, para<br \/>verificar la generalidad de la misma.\u00a0 Dichos modelos reproducen el<br \/>comportamiento de los casos por la Covid-19 reproduciendo hasta un 93%<br \/>los casos acontecidos en el pa\u00eds: Ensayo referente a una variante matem\u00e1tica capaz dedescribir la din\u00e1mica contagio por la Covid-19. Proceso para resolver ecuaciones diferenciales para modelar la din\u00e1mica de contagios para la Covid-19.<\/p><p>Laboratorio de Ingenier\u00eda de Tejidos<br \/>Se realizan investigaciones para fabricar nuevos tejidos a partir de peque\u00f1os fragmentos de tejidos sanos, para restaurar la funcionalidad de tejidos da\u00f1ados, como lo ejemplifican los logros alcanzados con los cultivos de piel. Este laboratorio realiza investigaciones para la elaboraci\u00f3n de piel\u00a0in vitro. En un primer ensayo cl\u00ednico se aplicaron estas t\u00e9cnicas para el tratamiento de pacientes con lesiones cr\u00f3nicas de la piel, demostrado el alcance de estas herramientas para la soluci\u00f3n efectiva de problemas de dif\u00edcil abordaje terap\u00e9utico. Uno de los objetivos es producir cultivos de piel para trasplante en personas con quemaduras graves.<\/p>\t\t\t\t\t\t<\/div>\n\t\t\t\t<\/div>\n\t\t\t\t<div class=\"elementor-element elementor-element-a5099b7 elementor-invisible elementor-widget elementor-widget-heading\" data-id=\"a5099b7\" data-element_type=\"widget\" data-settings=\"{&quot;_animation&quot;:&quot;fadeInLeft&quot;}\" data-widget_type=\"heading.default\">\n\t\t\t\t<div class=\"elementor-widget-container\">\n\t\t\t<h2 class=\"elementor-heading-title elementor-size-default\">CONTACTOS<\/h2>\t\t<\/div>\n\t\t\t\t<\/div>\n\t\t\t\t<div class=\"elementor-element elementor-element-c579d1b elementor-icon-list--layout-traditional elementor-list-item-link-full_width elementor-invisible elementor-widget elementor-widget-icon-list\" data-id=\"c579d1b\" data-element_type=\"widget\" data-settings=\"{&quot;_animation&quot;:&quot;fadeInLeft&quot;}\" data-widget_type=\"icon-list.default\">\n\t\t\t\t<div class=\"elementor-widget-container\">\n\t\t\t\t\t<ul class=\"elementor-icon-list-items\">\n\t\t\t\t\t\t\t<li class=\"elementor-icon-list-item\">\n\t\t\t\t\t\t\t\t\t\t\t<span class=\"elementor-icon-list-icon\">\n\t\t\t\t\t\t\t<i aria-hidden=\"true\" class=\"fas fa-info-circle\"><\/i>\t\t\t\t\t\t<\/span>\n\t\t\t\t\t\t\t\t\t\t<span class=\"elementor-icon-list-text\">Contactos Puede asistir al Servicio de Cristalograf\u00eda Fundaci\u00f3n Instituto de Estudios Avanzados\u00a0(Idea)<\/span>\n\t\t\t\t\t\t\t\t\t<\/li>\n\t\t\t\t\t\t\t\t<li class=\"elementor-icon-list-item\">\n\t\t\t\t\t\t\t\t\t\t\t<span class=\"elementor-icon-list-icon\">\n\t\t\t\t\t\t\t<i aria-hidden=\"true\" class=\"fas fa-map-marker-alt\"><\/i>\t\t\t\t\t\t<\/span>\n\t\t\t\t\t\t\t\t\t\t<span class=\"elementor-icon-list-text\">Carretera Nacional Hoyo de la Puerta, Baruta, Altos de Sartenejas<\/span>\n\t\t\t\t\t\t\t\t\t<\/li>\n\t\t\t\t\t\t<\/ul>\n\t\t\t\t<\/div>\n\t\t\t\t<\/div>\n\t\t\t\t\t<\/div>\n\t\t<\/div>\n\t\t\t\t\t\t\t<\/div>\n\t\t<\/section>\n\t\t\t\t\t\t\t<\/div>\n\t\t","protected":false},"excerpt":{"rendered":"<p>DIRECCI\u00d3N DE SALUD La Direcci\u00f3n de Salud est\u00e1 dedicada al desarrollo de actividades de investigaci\u00f3n, formaci\u00f3n y servicios, con miras a la resoluci\u00f3n de problemas de salud p\u00fablica, para detectar [&hellip;]<\/p>\n","protected":false},"author":3,"featured_media":0,"parent":0,"menu_order":0,"comment_status":"closed","ping_status":"closed","template":"elementor_header_footer","meta":{"footnotes":""},"class_list":["post-1451","page","type-page","status-publish","hentry"],"_links":{"self":[{"href":"https:\/\/idea.gob.ve\/index.php\/wp-json\/wp\/v2\/pages\/1451","targetHints":{"allow":["GET"]}}],"collection":[{"href":"https:\/\/idea.gob.ve\/index.php\/wp-json\/wp\/v2\/pages"}],"about":[{"href":"https:\/\/idea.gob.ve\/index.php\/wp-json\/wp\/v2\/types\/page"}],"author":[{"embeddable":true,"href":"https:\/\/idea.gob.ve\/index.php\/wp-json\/wp\/v2\/users\/3"}],"replies":[{"embeddable":true,"href":"https:\/\/idea.gob.ve\/index.php\/wp-json\/wp\/v2\/comments?post=1451"}],"version-history":[{"count":14,"href":"https:\/\/idea.gob.ve\/index.php\/wp-json\/wp\/v2\/pages\/1451\/revisions"}],"predecessor-version":[{"id":3360,"href":"https:\/\/idea.gob.ve\/index.php\/wp-json\/wp\/v2\/pages\/1451\/revisions\/3360"}],"wp:attachment":[{"href":"https:\/\/idea.gob.ve\/index.php\/wp-json\/wp\/v2\/media?parent=1451"}],"curies":[{"name":"wp","href":"https:\/\/api.w.org\/{rel}","templated":true}]}}